+ 5 + -35 + 16?
-20
What is the value of 10 + 60 + -19 + -51?
0
What is the value of 0 + -19 + (-1972 - -1967)?
-24
Evaluate -2207 - -2168 - (3 + -1 - (1 - 1)).
-41
Evaluate (15 - (-21 + 33) - -10) + -8.
5
What is the value of -49 + 92 + -71 + -14?
-42
(10 + -75 - -116) + 29
80
32 + -39 + 8 + 12 + -18 + 110
105
Calculate 2 + -3 - (-1 - 8 - (-25 - -23)).
6
Calculate 34 + (-11 - 1 - (3 - -4 - 18)).
33
-9 - (-7 + 27 + 11 + -20)
-20
(-77 + -119 - -172) + (-1 - -4)
-21
What is the value of -42 - (-52 + -4) - (-5 + 0 + 2)?
17
Evaluate (1 - -1) + -361 + 388 + -24.
5
Calculate -1 + -26 - (50 + -19 + -10).
-48
What is the value of -5 - (-31 + 21) - (1 + 9 - 34)?
29
Evaluate (-2697 - -2661) + (2 + 0 + 1 - 0).
-33
656 + -690 + -1 + 18
-17
Calculate -153 - (-14 + -8 + (16 - 8) + -8).
-131
What is -40 + -7 + 1 + (0 - 0) - 18?
-64
(2 - -18 - 1) + (660 + -677 - (-1 - 19))
22
-120 + (31 - 64 - -31 - (5 - 6))
-121
What is -34 + (28 - -58) + -58 - (-2 - (142 - 2))?
136
What is the value of 17 + ((-7 - -33) + -12 - 20) - (-2 - 83)?
96
What is (9 - (-7 - -8 - (60 + -77))) + -73?
-82
What is the value of -57 - (36 + -67) - (-14 + 1) - (3 + -36)?
20
What is the value of 539 - 559 - (-1 - 14) - (58 + -2 + 3)?
-64
Evaluate -109 + (24 - 12 - (10 - (-4 + 12))).
-99
-25 + 31 + -21 - -57
42
(-17 - -9) + 18 + -5 - -8 - 78
-65
Calculate (6 - 2 - 0) + 1 + 9 + -17 + 50.
47
Calculate -10 + (-2 + -8 - (-9 - -27 - 95)) - -6.
63
What is the value of 30 - (-29 - (-7 - 31))?
21
What is the value of 1 - -36 - 5 - (18 + -4)?
18
Calculate -39 - -65 - (0 + 34).
-8
Calculate 4 - ((-3 - (6 - (11 + 2))) + -3).
3
Evaluate (-59 - (55 - (134 + -36))) + (124 - 0).
108
What is the value of 24 + (-27 - ((-4 - -6) + -11 - 1))?
7
What is the value of -3 + -1 - (-12 - (-42 - (-95 - 5)))?
66
What is 6 + (30 - (46 + 4))?
-14
23 + (-2 - 4) + 8 + -7
18
Evaluate 15 + 1 + 11 + (60 + -65 - 18).
4
0 + 5 - (8 + 26 - (38 - 8))
1
Evaluate -24 - (36 - (26 + -4)).
-38
What is the value of -187 + -8 + 204 - (-2 - (-2 - -35))?
44
Evaluate 11 - (108 + (-115 - -80)).
-62
Evaluate (-10 - (-86 + 18 - -47)) + (-1 + 1 - -57).
68
What is the value of -7 - (-66 - -32 - (2 + 63))?
92
What is the value of -172 + 266 - (33 + 5)?
56
What is (3 - (-9 + 14 + 2)) + 8 + (-23 - 33)?
-52
What is 1 + -2 - (-81 + (0 + -1 - -11))?
70
Calculate 2 + -5 + (0 - 1) + (43 - -129) + -146.
22
What is (-11 - 2 - (395 - 419)) + 1?
12
What is the value of -22 + 27 + -3 + -10 + 4 - (10 + -2)?
-12
What is the value of (324 - (264 + 69)) + -1 + -78?
-88
What is the value of 6 - (2 - 5) - (-21 - 11 - -5)?
36
-32 - -38 - (47 + (-4 - -6) - (-5 - -1))
-47
Evaluate 573 + -509 - ((-1 - -43) + -5).
27
Calculate 33 - 7 - -35 - 56.
5
Calculate 50 + 7 + 17 - -33.
107
Calculate -83 + -10 + 92 + -40.
-41
-13 - 1 - (-76 + 34 - -34)
-6
What is the value of 62 + (-10 - -11 - 0) - 24?
39
Calculate -77 - ((-230 - -41) + 100).
12
Calculate 39 + -83 + 29 + 57 + 3 + -1.
44
Evaluate (-516 - -390 - -92) + -6 + -1.
-41
What is (792 - 810) + (-1 - -59) - (-1 - 8)?
49
Evaluate -6 - -3 - 35 - (36 + -55 + (13 - -2)).
-34
What is -30 + (78 - -54 - 70)?
32
Evaluate -89 - (-312 - -223) - (124 + (-2 - -1) + 3).
-126
What is 82 + (0 - (-19 + 4 + 50))?
47
Evaluate -33 + 2 + (-568 + 576 - (1 - -7)).
-31
14 + -1 - (-85 + 68 + 142) - -3
-109
What is (0 - 1) + (-11 - 9 - -12 - -3)?
-6
Calculate -35 + (0 - -28) - -38.
31
-179 - (-128 + 130 + -111)
-70
33 - (-55 + 56) - 17
15
What is 41 - (-46 - -112) - 14?
-39
What is (-37 + 106 + -63 - (0 + -1 + 15)) + 67?
59
Evaluate 12 + -67 + -19 - 12 - 23.
-109
What is the value of 2 + -9 - 11 - (7 + 4)?
-29
Calculate 25 + (-2 - (-17 - -26)) + -2 + 26.
38
What is the value of (271 - 84) + -80 - 28?
79
5 - (4 + -11 - (-2 + -6)) - -2
6
67 + 7 + (-1 - 1 - 3) + (118 - 119)
68
What is the value of 59 - ((1 - -5) + (283 - 266))?
36
Calculate 30 + (2 + 27 - 28) + 41.
72
-180 - -174 - (-1 + -6 - (92 - 16))
77
Calculate (73 - -6) + 251 + -329.
1
What is (-113 - -158 - 67) + 94?
72
Evaluate 55 - (69 - (0 + 135)).
121
What is the value of -21 - (-14 + (22 - 5) + -7)?
-17
Calculate 178 + (-13 - (-39 + 132)).
72
Calculate -37 - (76 - (86 + -21)).
-48
What is (0 - 17) + 769 + -759 - 10?
-17
What is the value of (0 - 14) + (1 - 9 - (-60 - (-50 + 3)))?
-9
-27 - (-22 - 20 - -14)
1
What is -114 + 149 + 20 + -5?
50
-19 - (-10 - -12 - 11 - -11 - 3)
-18
Calculate 16 + (-3 - -5 - (42 - 50) - (-1 - -3)).
24
What is the value of 22 + -28 + (82 - (5 + 12))?
59
Evaluate -364 + 218 + 9 + 4.
-133
Calculate -423 + 469 + (1 - -1) + -11.
37
Evaluate -39 + 28 + 69 + -28 - 114.
-84
0 + -27 + -3 + -3
-33
What is -14 - (35 - (16 + 20 + -9))?
-22
What is 3 - -105 - (-1023 - -1096)?
35
16 + -94 + 24 + -20 + 2
-72
Calculate 45 + (20 - (63 + -31)).
33
-13 + 10 + -20 + 12 + 44 + 20 + -11
42
Evaluate -26 + (-22 + -2 + 52 - 38).
-36
Evaluate 1 + (-20 - (24 + -29)) + 11.
-3
Calculate -12 - (6 + (17 + -9 - 11) + -1).
-14
-7 - (64 + -70) - (31 - -9)
-41
Calculate 9 + 4 + -4 - (8 + (1 - 9) + 5).
4
Evaluate (43 + -62 - -17) + (6 - 1).
3
Calculate (-40 - (0 + -43)) + -30 + (0 - 3).
-30
What is -39 + 15 + 26 - (53 + 2 + 1)?
-54
Evaluate 4 - 19 - (-3 + (-25 - -3)) - (2 + 77).
-69
43 + -44 - (12 - -3)
-16
Calculate (3 - (6 + -32 + 164)) + 32.
-103
What is 53 - 53 - 47 - -70?
23
Evaluate 50 - (25 - -24 - 45 - -39).
7
What is 2863 + -2857 + 1 + 57?
64
Evaluate 23 - 2 - 0 - 82 - -15.
-46
Calculate -17 - 2 - (43 - 4 - 42) - -133.
117
What is the value of -4 - -4 - (-6 + 15) - (12 + -76 + 10)?
45
What is -61 + 66 - (8 + -5 - -11) - -10?
1
What is -16 - 66 - -22 - -117?
57
What is the value of (-16 - (-13 + -17)) + -1 + -45?
-32
Calculate -9 - (21 - 3 - (-38 - -28)).
-37
What is the value of -4 + (6 - 3) - (-52 - (33 + -5 + 7))?
86
What is the value of 40 - (-12 + -19 + 4 + 39) - (2 - 16)?
42
Calculate 108 + -160 + -112 + 98.
-66
What is -322 - -310 - (14 + 2 + 0 - 6)?
-22
What is -13 - (-17 - ((-520 - -509) + 0 + 95))?
88
(-57 - (-117 + 54)) + -20
-14
-22 - -5 - (-10 - 20 - -8)
5
What is the value of 0 + 7 - (-9 - (-25 + -7 + 14 - -9))?
7
Calculate 55 + -143 + 249 - 140.
21
What is the value of 2 + 30 + -22 - (0 - -10)?
0
Evaluate (9 - -33) + (31 - -17) - -11.
101
Calculate (861 + -876 + 12 + 0 - (1 - -6)) + 11.
1
(7 - (24 + -23)) + -21 + -16
-31
-5 + -34 - (17 + -1 + 25 + -54)
-26
Calculate -828 + 898 + 3 + -101.
-28
Evaluate -132 + (30 - (33 + -20)) + (-3 - 0) - -14.
-104
What is the value of -50 - (32 + -34 - 27)?
-21
What is the value of 19 - (-33 + 70 + -40)?
22
Calculate 4 - (9 + 34 + -39).
0
What is 23 + (43 - (15 - -10)) + 4 + -23?
22
Calculate 53 - -2 - ((1 - 2) + (24 - (-12 - -47))).
67
Calculate -3606 + 3588 + (-14 - (-3 + -2 + 4)).
-31
What is 3 - (38 - 59 - 1)?
25
Calculate (0 + -3 - (44 + -18 - 25)) + (1 - -42).
39
(-3 - 45) + 19 + (17 - (20 + 17))
-49
Calculate 126 + (-88 - 24) + (1 - -88) + -17.
86
What is the value of -14 + -5 + 20 + (0 - 80) + 12 + -3?
-70
Evaluate 17 - (-17 + 27) - (7 - ((-17 - -6) + 15)).
4
Calculate 13 + -13 + 0 + (3 - 0 - (-9 + 67)).
-55
What is -50 - (-13 + 14 + (-4 - (-22 - -7)) - 24)?
-38
Calculate -34 - (-54 + (26 - -5)).
-11
Calculate -56 - (-15 + -1) - -52.
12
92 - (-67 - (-95 - 99))
-35
Evaluate -4 + 25 + -29 + (19 - -2).
13
Calculate 31 + 7 - -30 - 50.
18
Calculate -47 + (16 - (-41 + 19)) - (-1 + -3 + -33).
28
Calculate -6 + -13 + 5 + 2 + 8 + -2.
-6
What is the value of 10 + 1 + (-18 - (51 - -5))?
-63
What is the value of -20 + -17 + -62 - -116?
17
What is 11 + -27 - (-5 + 66 - -2) - -4?
-75
Evaluate 202 - (61 - -135) - (18 + 1).
-13
Calculate (-12 - 58) + 47 - (29 - 3).
-49
Calculate -2 - (-2 + -6 - (20 - (13 + -2))).
15
-6 + 8 + (-1 - -6) - 7 - (73 + -101)
28
0 - 46 - (-181 + 118)
17
Evaluate 48 + (2 - 4) + (43 - (-9 + 38)).
60
What is (215 - 245) + -127 - (1 + -36)?
-122
Calculate -46 + 3 - (-175 - -216).
-84
Evaluate -2 - (-11 - -9) - (-5 - 42) - (1 + -7).
53
(3 - 31) + 33 + ((4 - 8) + 2 - -6)
9
Evaluate 7 - (0 + -2) - (184 - 163) - -13.
1
What is the value of (7 + -5 + (-11 + 8 - 4) - 9) + -7?
-21
Evaluate (-33 - -55) + 1 - (2 + -1 + -1).
23
Evaluate -8 - ((16 + -20 - 3) + -12) - (9 + 2).
0
Evaluate (2 + 39 - (4 + 13)) + 28.
52
What is the value of -1 - 3 - (-3 + (-2 - -2) - (1 + 6))?
6
What is the value of 32 + (-166 - -263) - 70?
59
((8 - 3)